 9238 and 894.
298
Calculate the greatest common divisor of 791 and 113678.
113
What is the greatest common factor of 224 and 203936?
32
Calculate the greatest common divisor of 24841 and 1.
1
What is the greatest common factor of 3801 and 543?
543
Calculate the greatest common factor of 7385 and 280.
35
Calculate the highest common factor of 463446 and 792.
18
Calculate the greatest common divisor of 17556 and 8512.
532
What is the greatest common factor of 76735 and 9685?
745
Calculate the highest common factor of 63 and 65940.
21
What is the highest common factor of 4074266 and 161?
161
What is the highest common factor of 1140 and 2147?
19
What is the highest common factor of 108132 and 564?
12
Calculate the greatest common divisor of 21 and 53879.
7
Calculate the highest common factor of 436140 and 3420.
180
What is the highest common factor of 3 and 16869?
3
Calculate the highest common factor of 162 and 1083807.
27
Calculate the greatest common factor of 27 and 38691.
27
What is the highest common divisor of 108 and 789948?
36
Calculate the greatest common divisor of 50375 and 111631.
403
Calculate the greatest common factor of 567302 and 114.
38
Calculate the greatest common divisor of 1952 and 1693360.
976
What is the greatest common factor of 994 and 25396?
14
Calculate the greatest common divisor of 72 and 2406.
6
What is the greatest common factor of 496 and 2588?
4
What is the highest common divisor of 12 and 6272?
4
Calculate the highest common divisor of 1260 and 101892.
84
Calculate the highest common divisor of 286 and 143078.
26
What is the greatest common divisor of 1640 and 22345?
205
Calculate the highest common factor of 6187 and 7801.
269
Calculate the greatest common factor of 16 and 63608.
8
What is the highest common divisor of 936 and 1764?
36
Calculate the highest common divisor of 4 and 27382.
2
Calculate the greatest common factor of 233 and 2192297.
233
Calculate the highest common factor of 357345 and 135.
135
What is the greatest common factor of 519053 and 1204?
43
What is the highest common divisor of 25872 and 14256?
528
Calculate the greatest common factor of 81298 and 238.
14
What is the greatest common divisor of 84 and 124236?
84
Calculate the highest common factor of 94208 and 640.
128
Calculate the greatest common divisor of 493 and 270019.
29
Calculate the highest common divisor of 476 and 65632.
28
What is the highest common divisor of 14 and 412013?
7
What is the greatest common factor of 648 and 89808?
24
Calculate the greatest common divisor of 543900 and 96.
12
Calculate the greatest common divisor of 72 and 135144.
72
Calculate the highest common factor of 2616156 and 72.
36
What is the greatest common factor of 88 and 202400?
88
Calculate the greatest common divisor of 777 and 384.
3
What is the greatest common divisor of 21 and 260448?
3
Calculate the greatest common divisor of 406 and 8642.
58
What is the greatest common divisor of 5662 and 836?
38
What is the greatest common divisor of 38979 and 8023?
71
Calculate the greatest common factor of 333 and 28416.
111
Calculate the highest common divisor of 2263 and 94973.
73
Calculate the greatest common factor of 77 and 26224.
11
Calculate the highest common factor of 49932 and 1368.
684
What is the greatest common factor of 24612 and 2436?
84
What is the highest common divisor of 171 and 2268?
9
What is the highest common divisor of 3991409 and 59?
59
What is the greatest common factor of 8512 and 210140?
532
Calculate the highest common divisor of 20 and 23150.
10
What is the greatest common factor of 5076 and 12?
12
Calculate the greatest common divisor of 36054 and 9.
9
What is the greatest common factor of 2238 and 21634?
746
Calculate the greatest common divisor of 528 and 16038.
66
What is the highest common factor of 126799 and 39997?
851
What is the greatest common divisor of 2856 and 986?
34
Calculate the greatest common divisor of 79 and 39895.
79
What is the greatest common divisor of 3825 and 4675?
425
Calculate the greatest common divisor of 8509 and 49580.
67
What is the highest common factor of 600 and 58992?
24
What is the highest common divisor of 17 and 1159723?
17
Calculate the highest common factor of 507847 and 167.
167
Calculate the greatest common divisor of 37 and 32671.
37
Calculate the highest common factor of 233657 and 46.
23
Calculate the greatest common divisor of 72 and 1336.
8
What is the greatest common divisor of 237 and 6715?
79
What is the greatest common divisor of 11250 and 732750?
750
What is the highest common factor of 14443 and 214423?
1111
What is the greatest common factor of 262038 and 1224?
102
What is the highest common divisor of 324 and 230352?
12
Calculate the greatest common factor of 1171251 and 362.
181
Calculate the greatest common factor of 49495 and 152.
19
What is the highest common divisor of 34 and 992834?
34
Calculate the greatest common factor of 25795 and 219835.
385
What is the highest common factor of 38363 and 65?
13
Calculate the highest common divisor of 12 and 228120.
12
Calculate the greatest common divisor of 72 and 113292.
36
What is the highest common factor of 406 and 371?
7
What is the highest common divisor of 88 and 878768?
88
What is the highest common factor of 190 and 333374?
38
What is the greatest common factor of 761740 and 20?
20
Calculate the greatest common divisor of 579 and 420933.
579
What is the highest common divisor of 14000 and 665?
35
What is the greatest common factor of 5320 and 173280?
760
What is the highest common divisor of 84 and 139566?
42
What is the highest common divisor of 224 and 5321568?
224
What is the highest common divisor of 189 and 252468?
9
Calculate the greatest common divisor of 370 and 3.
1
What is the highest common factor of 3941 and 3073?
7
Calculate the highest common divisor of 149 and 85.
1
Calculate the greatest common factor of 2655 and 7101.
9
Calculate the greatest common factor of 1638 and 154.
14
Calculate the highest common factor of 130394 and 22.
22
What is the greatest common factor of 258 and 49272?
6
What is the highest common factor of 409980 and 12?
12
What is the highest common divisor of 32725 and 11275?
275
Calculate the highest common divisor of 7575 and 9696.
303
What is the highest common divisor of 18938 and 578?
34
What is the highest common divisor of 585 and 10483785?
585
What is the highest common divisor of 6893 and 6527?
61
Calculate the greatest common divisor of 1830 and 20313.
183
Calculate the highest common factor of 798 and 40926.
114
What is the highest common factor of 2987 and 54317?
29
Calculate the highest common divisor of 4 and 47942.
2
Calculate the highest common divisor of 395 and 7970.
5
Calculate the greatest common divisor of 1362 and 48578.
454
Calculate the greatest common factor of 278050 and 498.
166
What is the highest common factor of 51 and 2869158?
51
Calculate the highest common factor of 104797 and 88.
11
What is the highest common divisor of 180729 and 387?
387
What is the highest common factor of 3528 and 172452?
84
Calculate the highest common divisor of 31595 and 1775.
355
What is the highest common divisor of 20931 and 12?
3
Calculate the greatest common factor of 200952 and 18.
18
Calculate the highest common divisor of 9782 and 6834.
134
What is the greatest common divisor of 1175042 and 88?
22
Calculate the highest common factor of 246195 and 5.
5
What is the greatest common factor of 6131314 and 7?
7
Calculate the greatest common divisor of 224117 and 827.
827
Calculate the highest common divisor of 112 and 42098.
14
Calculate the highest common divisor of 52020 and 540.
180
Calculate the greatest common divisor of 23373 and 1908.
477
Calculate the highest common factor of 373302 and 54.
54
Calculate the greatest common divisor of 118 and 146143.
59
What is the highest common factor of 1124 and 6112?
4
Calculate the greatest common divisor of 1664045 and 425.
85
What is the greatest common divisor of 42 and 204582?
42
What is the highest common divisor of 25 and 7090?
5
What is the greatest common factor of 308 and 437822?
154
What is the highest common factor of 344 and 49407?
43
Calculate the greatest common divisor of 5865 and 161.
23
What is the highes